en 7 is divided by (t/6)/((-4)/6)?
1
Suppose 4*r - 1888 = -3*y, 2*r + 3*y - 944 = 4*y. Suppose -r = -17*v + 13*v. What is the remainder when v is divided by 30?
28
Suppose 21*w + 248 = 52*w. Calculate the remainder when 231 is divided by w.
7
Suppose 3*b = -4*g + 18, 12 = -b + 4*g + 2. Calculate the remainder when 27 is divided by (b + -22)*(-4)/5.
11
Suppose -78 + 1 = -11*m. Calculate the remainder when 214 is divided by m.
4
Let h(x) = x**2 - 8*x - 6. Let u be h(9). What is the remainder when 143 is divided by ((-8)/10)/(3*u/(-270))?
23
Suppose 4*y - 403 + 95 = -2*o, 3*o - 438 = 2*y. What is the remainder when o is divided by 19?
15
Let h = 250 + -185. Calculate the remainder when 338 is divided by h.
13
Let g(m) = -m**2 + 8*m - 2. Suppose 0 = -3*k - 7 + 25. Calculate the remainder when -17*(2 + -3 - 0) is divided by g(k).
7
What is the remainder when (54/(-33))/9 - (-1632)/22 is divided by 20?
14
Calculate the remainder when 149 is divided by (-60)/8*(-17 + 7).
74
Let a(m) = m**2 + 43*m - 85. What is the remainder when a(-47) is divided by 56?
47
Suppose -b - 225 = -6*b - 5*s, 0 = 3*b - s - 127. Let z = 2 + b. What is the remainder when 88 is divided by z?
43
Let p(j) = -j + 16. Let r be p(13). Let g be 76 + 0 - (0 + 3). Suppose 8 + g = r*c. What is the remainder when c is divided by 14?
13
Suppose 10*y = 301 + 1079. What is the remainder when y is divided by 20?
18
Let m be 97/4 + 27/36. Suppose -46 = -4*i + q + q, -i + 2*q = -7. What is the remainder when m + (-2)/(2 + 0) is divided by i?
11
Calculate the remainder when 130 is divided by (44/6)/((-3)/(-9)).
20
Suppose 3 - 6 = -v. Suppose 0*l - 72 = -v*t + 3*l, -5*l = -t + 8. Calculate the remainder when 82 is divided by t.
26
Suppose 0 = -3*a + 5*q + 1671, -4*a - 10*q + 8*q = -2202. Calculate the remainder when a is divided by 33.
24
Suppose 0 = -4*b + 2*q + 54, -3*q - 48 = -5*b + 2*b. Calculate the remainder when b is divided by 2.
1
Let c = -2 - 9. Let b = c - -46. Suppose 0 = 2*z - 8, 6*t - t - 3*z = 53. What is the remainder when b is divided by t?
9
Let m(w) = w**2 - 14*w - 11. Let o be m(15). Suppose 2*z + 492 = 6*z - 5*k, -o*k = 2*z - 246. Let y = -69 + z. What is the remainder when y is divided by 19?
16
Suppose -5*i = 2*m + m - 59, 0 = 3*m - 2*i - 73. Suppose 5*g = 62 + m. What is the remainder when 50 is divided by g?
16
Let y = -48 - -71. Let a = -30 - -57. Let p = a - 14. Calculate the remainder when y is divided by p.
10
Let c be ((-2)/4)/(-3 + (-796)/(-264)). Let n(f) = 2*f - 5. What is the remainder when ((-88)/c)/(4/18) is divided by n(5)?
2
Let l(s) = 92*s**2 - 33*s + 105. What is the remainder when l(3) is divided by 19?
17
Let b = 1927 + -1783. What is the remainder when 443 is divided by b?
11
Let w(s) = s - 3. Let d be w(5). Let i = 7 + d. Calculate the remainder when 24 is divided by i.
6
Let f = 1054 - 998. What is the remainder when 128 is divided by f?
16
Suppose q = -p - 75, 0 = -q - 3*p - 43 - 26. Calculate the remainder when (15/(-5) - -8)*q/(-15) is divided by 10.
6
Suppose -32*h = -30*h + 2, 3*h = -2*d + 19. Calculate the remainder when 148 is divided by d.
5
Let i(c) = -c**2 + 7*c + 11. Let q be i(8). Suppose 0 = -k + q, 3*k + 0*k = -5*s + 49. What is the remainder when 18 is divided by s?
2
Suppose -167*o = -173*o + 258. What is the remainder when 814 is divided by o?
40
Let v be (2/(-6))/(2/(-6)). Let p = -33 - -26. Calculate the remainder when 11 is divided by v + p/((-14)/4).
2
Let s(w) = -4*w - 2. Let h(m) = 4*m**3 + 5*m**2 - 4. Let k be h(2). Let p = -19 + k. What is the remainder when p is divided by s(-3)?
9
Suppose -2*c - 8 - 18 = 0. Let x(t) = t**2 + 13*t + 13. Let f be x(c). Suppose -f*g = -9*g - 16. What is the remainder when 7 is divided by g?
3
Suppose -9*d = -4*d + 5. What is the remainder when d/(-1)*87/3 is divided by 6?
5
Let p(c) = 6*c - 2. Let y be p(3). Suppose 2*v = 2*t - y - 36, 3*v - 77 = -2*t. Suppose -t = -5*s + 44. What is the remainder when 59 is divided by s?
14
What is the remainder when 205 is divided by -35 - -60 - (3 + (2 - 1))?
16
Let f = -136 + 138. Let o = f + 17. Calculate the remainder when -6*9*1*-1 is divided by o.
16
Let v = -446 + 463. Calculate the remainder when 75*3/(9/2) is divided by v.
16
Let l = 543 - 513. What is the remainder when 179 is divided by l?
29
Suppose 6*d = 10*d - 2*i - 128, 0 = 2*d + 5*i - 88. What is the remainder when 262 is divided by d?
24
Let y = -253 + 274. What is the remainder when 123 is divided by y?
18
Suppose -342 - 106 = -8*h. What is the remainder when h is divided by 5?
1
Suppose y - 4*o = -25, 5*y + o + o + 191 = 0. Let c = y + 77. Calculate the remainder when c is divided by 15.
10
Let q(j) = -j**3 + 4*j**2 + j - 3. Let p be q(3). Calculate the remainder when ((-105)/p)/(2/(-6)) is divided by (176/33)/((-4)/(-9)).
11
Suppose -q + 228 = 5*q. Let t be 20 - 0*(-3 - -2). What is the remainder when q is divided by (-4 - -2)/((-2)/t)?
18
Let w = 31 - 21. Let g = w - 2. Calculate the remainder when (-2)/7 + 438/14 is divided by g.
7
Let n(x) = 2*x**3 + 4*x**2 - 22. Let t(m) = -m**3 - 2*m**2 + 11. Let f(b) = -3*n(b) - 5*t(b). Calculate the remainder when 32 is divided by f(0).
10
Suppose 86 - 50 = 12*x. What is the remainder when 7 is divided by x?
1
Let z = 55 + -30. Calculate the remainder when 41 is divided by -1 + (-5)/(-5) + z.
16
Let z(g) = -g**2 - 27*g + 47. What is the remainder when z(-27) is divided by 13?
8
Suppose 81*h = 87*h - 1908. What is the remainder when h is divided by 16?
14
Calculate the remainder when 24/10*15/2 is divided by 10.
8
Calculate the remainder when 198 is divided by (70/(-4))/((9/(-12))/3).
58
Suppose -33 = 6*i + 15. Calculate the remainder when 1/((-2)/i) + 47 is divided by 2 + (23 - 1) + 2.
25
Let m(r) = r**3 - 17*r**2 - 25*r - 140. What is the remainder when 355 is divided by m(19)?
34
What is the remainder when 3/((-17)/5 + 4) is divided by 2?
1
Suppose 0 = -3*f + 70 + 65. Suppose -9*x = -11*x + 6. Suppose -x*y - 11 = -59. Calculate the remainder when f is divided by y.
13
Suppose 36*j - 257 = 175. Calculate the remainder when 58 is divided by j.
10
Let z(h) = -h**3 - 2*h**2 + 3*h + 3. Let o be z(-3). Let n = 19 + o. Calculate the remainder when 84 is divided by n.
18
Suppose -5*h = -35 - 65. Let s = -119 - -153. Calculate the remainder when s is divided by h.
14
Let g = 869 - 130. Calculate the remainder when g is divided by 57.
55
Suppose 21*z - 6605 = 4714. What is the remainder when z is divided by 90?
89
Let v = -21 - -24. Suppose 2*z + g = -g - 10, 9 = v*z - 3*g. What is the remainder when (4/(-5))/(z/60) is divided by 17?
14
Suppose 23 = 4*f - 277. What is the remainder when 447 is divided by f?
72
What is the remainder when (27*3)/(8 - (-7 - -14)) is divided by 41?
40
Suppose -104 = 2*b - 6*b. Let n = 0 + 0. Suppose 3*w + a - 27 + 4 = n, 0 = 4*w + 5*a - 38. What is the remainder when b is divided by w?
5
Suppose -25*n - 144 = -31*n. Calculate the remainder when 71 is divided by n.
23
Let a(u) = 3*u - 2. Let k(g) = -4*g + 3. Let r(i) = 3*a(i) + 2*k(i). Let j be (-3)/(-6)*6/1. What is the remainder when 8 is divided by r(j)?
2
Suppose 3 = -3*m, 96 = 95*q - 92*q - 3*m. What is the remainder when 402 is divided by q?
30
Let h(m) = -2*m + m**3 - 2 - 7*m**2 + 9 + 17*m**2. Suppose -70 = 4*s + 3*s. What is the remainder when 78 is divided by h(s)?
24
Let a = -2187 - -2201. Suppose 0 = -2*v - 7 - 1. Calculate the remainder when (110/v)/(2/(-4)) is divided by a.
13
Suppose 18 + 27 = -9*j. Let i(q) = -2*q**3 - 5*q**2 - q - 22. What is the remainder when i(j) is divided by 11?
9
Let b(p) = p**3 - 21*p**2 + 22*p + 7. Let t(z) = -2*z + 20. Let m be t(0). What is the remainder when b(m) is divided by 13?
8
Suppose -y + 5*j = -34, j + 6 = 1. Calculate the remainder when 44 is divided by y.
8
Suppose 32*i - 2260 = 12*i. What is the remainder when i is divided by 29?
26
Suppose 333 - 273 = 15*b. Calculate the remainder when 75 is divided by b.
3
What is the remainder when 179 is divided by (-327)/(-9) + 18/(-54)?
35
Let h be 0 + (-2 - -1) - 1 - 43. What is the remainder when (-1475)/h - (8/9)/(-4) is divided by ((-18)/(-8))/(2/8)?
6
Suppose 0*c + 318 = 2*c - 2*t, -4*c + 2*t = -640. Calculate the remainder when c is divided by 35.
21
Suppose 12 = 5*s + 2. 